{"id":6088,"date":"2017-01-17T02:25:33","date_gmt":"2017-01-17T02:25:33","guid":{"rendered":"http:\/\/worldclock.com\/?page_id=6088"},"modified":"2017-01-17T02:26:03","modified_gmt":"2017-01-17T02:26:03","slug":"cape-verde","status":"publish","type":"page","link":"https:\/\/www.worldclock.com\/Aktualny-Czas\/afryka\/cape-verde\/","title":{"rendered":"Cape Verde"},"content":{"rendered":"<p>Cape Verde, znane r\u00f3wnie\u017c jako Cabo Verdo i Republika Zielonego Przyl\u0105dka znajduje si\u0119 w <a href=\"http:\/\/www.worldclock.com\/pl\/afryka\/\">Afryce<\/a>. Ten wyspiarski kraj le\u017cy na Oceanie Atlantyckim, a wyspy archipelagu pokrywaj\u0105 \u0142\u0105cznie obszar 4\u00a0000 metr\u00f3w kwadratowych. Wyspy maj\u0105 pochodzenie wulkaniczne. Cape Verde jest cz\u0119\u015bci\u0105 grupy wysp, znanych jako Makaronezja. Stolic\u0105 Cape Verde jest Praia, oficjalnym j\u0119zykiem portugalski, a ludno\u015b\u0107 kraju liczy troszeczk\u0119 ponad 531\u00a0000. Walut\u0105 tam u\u017cywan\u0105 jest Cape Verde escudo (CVE).<\/p>\n","protected":false},"excerpt":{"rendered":"<p>Cape Verde, znane r\u00f3wnie\u017c jako Cabo Verdo i Republika Zielonego Przyl\u0105dka znajduje si\u0119 w Afryce. Ten wyspiarski kraj le\u017cy na Oceanie Atlantyckim, a wyspy archipelagu pokrywaj\u0105 \u0142\u0105cznie obszar 4\u00a0000 metr\u00f3w kwadratowych. Wyspy maj\u0105 pochodzenie wulkaniczne. Cape Verde jest cz\u0119\u015bci\u0105 grupy wysp, znanych jako Makaronezja. Stolic\u0105 Cape Verde jest Praia, oficjalnym j\u0119zykiem portugalski, a ludno\u015b\u0107 kraju &hellip; <a href=\"https:\/\/www.worldclock.com\/Aktualny-Czas\/afryka\/cape-verde\/\" class=\"more-link\"><\/a><\/p>\n","protected":false},"author":1,"featured_media":3732,"parent":6055,"menu_order":0,"comment_status":"closed","ping_status":"closed","template":"custom-page-templates-countrypage.php","meta":{"_acf_changed":false,"footnotes":""},"categories":[],"tags":[],"class_list":["post-6088","page","type-page","status-publish","has-post-thumbnail","hentry"],"acf":[],"_links":{"self":[{"href":"https:\/\/www.worldclock.com\/Aktualny-Czas\/wp-json\/wp\/v2\/pages\/6088","targetHints":{"allow":["GET"]}}],"collection":[{"href":"https:\/\/www.worldclock.com\/Aktualny-Czas\/wp-json\/wp\/v2\/pages"}],"about":[{"href":"https:\/\/www.worldclock.com\/Aktualny-Czas\/wp-json\/wp\/v2\/types\/page"}],"author":[{"embeddable":true,"href":"https:\/\/www.worldclock.com\/Aktualny-Czas\/wp-json\/wp\/v2\/users\/1"}],"replies":[{"embeddable":true,"href":"https:\/\/www.worldclock.com\/Aktualny-Czas\/wp-json\/wp\/v2\/comments?post=6088"}],"version-history":[{"count":0,"href":"https:\/\/www.worldclock.com\/Aktualny-Czas\/wp-json\/wp\/v2\/pages\/6088\/revisions"}],"up":[{"embeddable":true,"href":"https:\/\/www.worldclock.com\/Aktualny-Czas\/wp-json\/wp\/v2\/pages\/6055"}],"wp:featuredmedia":[{"embeddable":true,"href":"https:\/\/www.worldclock.com\/Aktualny-Czas\/wp-json\/wp\/v2\/media\/3732"}],"wp:attachment":[{"href":"https:\/\/www.worldclock.com\/Aktualny-Czas\/wp-json\/wp\/v2\/media?parent=6088"}],"wp:term":[{"taxonomy":"category","embeddable":true,"href":"https:\/\/www.worldclock.com\/Aktualny-Czas\/wp-json\/wp\/v2\/categories?post=6088"},{"taxonomy":"post_tag","embeddable":true,"href":"https:\/\/www.worldclock.com\/Aktualny-Czas\/wp-json\/wp\/v2\/tags?post=6088"}],"curies":[{"name":"wp","href":"https:\/\/api.w.org\/{rel}","templated":true}]}}

<p>Cape Verde, znane również jako Cabo Verdo i Republika Zielonego Przylądka znajduje się w <a href="http://www.worldclock.com/pl/afryka/">Afryce</a>. Ten wyspiarski kraj leży na Oceanie Atlantyckim, a wyspy archipelagu pokrywają łącznie obszar 4 000 metrów kwadratowych. Wyspy mają pochodzenie wulkaniczne. Cape Verde jest częścią grupy wysp, znanych jako Makaronezja. Stolicą Cape Verde jest Praia, oficjalnym językiem portugalski, a ludność kraju liczy troszeczkę ponad 531 000. Walutą tam używaną jest Cape Verde escudo (CVE).</p>

<p>Cape Verde, znane również jako Cabo Verdo i Republika Zielonego Przylądka znajduje się w Afryce. Ten wyspiarski kraj leży na Oceanie Atlantyckim, a wyspy archipelagu pokrywają łącznie obszar 4 000 metrów kwadratowych. Wyspy mają pochodzenie wulkaniczne. Cape Verde jest częścią grupy wysp, znanych jako Makaronezja. Stolicą Cape Verde jest Praia, oficjalnym językiem portugalski, a ludność kraju &hellip; <a href="https://www.worldclock.com/Aktualny-Czas/afryka/cape-verde/" class="more-link"></a></p>
