{"id":6090,"date":"2017-01-17T02:27:01","date_gmt":"2017-01-17T02:27:01","guid":{"rendered":"http:\/\/worldclock.com\/?page_id=6090"},"modified":"2017-01-17T02:28:34","modified_gmt":"2017-01-17T02:28:34","slug":"republika-srodkowej-afryki","status":"publish","type":"page","link":"https:\/\/www.worldclock.com\/Aktualny-Czas\/afryka\/republika-srodkowej-afryki\/","title":{"rendered":"Republika \u015arodkowej Afryki"},"content":{"rendered":"<p>Republika \u015arodkowej Afryki (CAR) znajduje si\u0119 w <a href=\"http:\/\/www.worldclock.com\/pl\/afryka\/\">Afryce<\/a> \u015arodkowej i jest krajem \u015br\u00f3dl\u0105dowym. Stolic\u0105  Republiki \u015arodkowoafryka\u0144skiej jest Bangui, jej urz\u0119dowymi j\u0119zykami s\u0105 francuski i sango, a jej ludnos\u0107 liczy 4.4 miliona mieszka\u0144c\u00f3w. Walut\u0105 u\u017cywan\u0105 w Republice jest \u015brodkowoafryka\u0144ski frank CFA (XAF). <\/p>\n","protected":false},"excerpt":{"rendered":"<p>Republika \u015arodkowej Afryki (CAR) znajduje si\u0119 w Afryce \u015arodkowej i jest krajem \u015br\u00f3dl\u0105dowym. Stolic\u0105 Republiki \u015arodkowoafryka\u0144skiej jest Bangui, jej urz\u0119dowymi j\u0119zykami s\u0105 francuski i sango, a jej ludnos\u0107 liczy 4.4 miliona mieszka\u0144c\u00f3w. Walut\u0105 u\u017cywan\u0105 w Republice jest \u015brodkowoafryka\u0144ski frank CFA (XAF).<\/p>\n","protected":false},"author":1,"featured_media":4569,"parent":6055,"menu_order":0,"comment_status":"closed","ping_status":"closed","template":"custom-page-templates-countrypage.php","meta":{"_acf_changed":false,"footnotes":""},"categories":[],"tags":[],"class_list":["post-6090","page","type-page","status-publish","has-post-thumbnail","hentry"],"acf":[],"_links":{"self":[{"href":"https:\/\/www.worldclock.com\/Aktualny-Czas\/wp-json\/wp\/v2\/pages\/6090","targetHints":{"allow":["GET"]}}],"collection":[{"href":"https:\/\/www.worldclock.com\/Aktualny-Czas\/wp-json\/wp\/v2\/pages"}],"about":[{"href":"https:\/\/www.worldclock.com\/Aktualny-Czas\/wp-json\/wp\/v2\/types\/page"}],"author":[{"embeddable":true,"href":"https:\/\/www.worldclock.com\/Aktualny-Czas\/wp-json\/wp\/v2\/users\/1"}],"replies":[{"embeddable":true,"href":"https:\/\/www.worldclock.com\/Aktualny-Czas\/wp-json\/wp\/v2\/comments?post=6090"}],"version-history":[{"count":0,"href":"https:\/\/www.worldclock.com\/Aktualny-Czas\/wp-json\/wp\/v2\/pages\/6090\/revisions"}],"up":[{"embeddable":true,"href":"https:\/\/www.worldclock.com\/Aktualny-Czas\/wp-json\/wp\/v2\/pages\/6055"}],"wp:featuredmedia":[{"embeddable":true,"href":"https:\/\/www.worldclock.com\/Aktualny-Czas\/wp-json\/wp\/v2\/media\/4569"}],"wp:attachment":[{"href":"https:\/\/www.worldclock.com\/Aktualny-Czas\/wp-json\/wp\/v2\/media?parent=6090"}],"wp:term":[{"taxonomy":"category","embeddable":true,"href":"https:\/\/www.worldclock.com\/Aktualny-Czas\/wp-json\/wp\/v2\/categories?post=6090"},{"taxonomy":"post_tag","embeddable":true,"href":"https:\/\/www.worldclock.com\/Aktualny-Czas\/wp-json\/wp\/v2\/tags?post=6090"}],"curies":[{"name":"wp","href":"https:\/\/api.w.org\/{rel}","templated":true}]}}