{"id":6118,"date":"2017-01-17T02:50:30","date_gmt":"2017-01-17T02:50:30","guid":{"rendered":"http:\/\/worldclock.com\/?page_id=6118"},"modified":"2017-01-17T02:53:14","modified_gmt":"2017-01-17T02:53:14","slug":"ghana","status":"publish","type":"page","link":"https:\/\/www.worldclock.com\/Aktualny-Czas\/afryka\/ghana\/","title":{"rendered":"Ghana"},"content":{"rendered":"<p>Ghana, znana te\u017c pod nazw\u0105 Republika Ghany znajduje si\u0119 w <a href=\"http:\/\/www.worldclock.com\/pl\/afryka\/\">Afryce<\/a> Zachodniej. Stolic\u0105 kraju jest Accra, jego oficjalnym j\u0119zykiem jest angielski, a liczba ludno\u015bci si\u0119ga 24.2 miliona. Walut\u0105 u\u017cywan\u0105 w Ghanie jest cedi (GHS).<\/p>\n","protected":false},"excerpt":{"rendered":"<p>Ghana, znana te\u017c pod nazw\u0105 Republika Ghany znajduje si\u0119 w Afryce Zachodniej. Stolic\u0105 kraju jest Accra, jego oficjalnym j\u0119zykiem jest angielski, a liczba ludno\u015bci si\u0119ga 24.2 miliona. Walut\u0105 u\u017cywan\u0105 w Ghanie jest cedi (GHS).<\/p>\n","protected":false},"author":1,"featured_media":3768,"parent":6055,"menu_order":0,"comment_status":"closed","ping_status":"closed","template":"custom-page-templates-countrypage.php","meta":{"_acf_changed":false,"footnotes":""},"categories":[],"tags":[],"class_list":["post-6118","page","type-page","status-publish","has-post-thumbnail","hentry"],"acf":[],"_links":{"self":[{"href":"https:\/\/www.worldclock.com\/Aktualny-Czas\/wp-json\/wp\/v2\/pages\/6118","targetHints":{"allow":["GET"]}}],"collection":[{"href":"https:\/\/www.worldclock.com\/Aktualny-Czas\/wp-json\/wp\/v2\/pages"}],"about":[{"href":"https:\/\/www.worldclock.com\/Aktualny-Czas\/wp-json\/wp\/v2\/types\/page"}],"author":[{"embeddable":true,"href":"https:\/\/www.worldclock.com\/Aktualny-Czas\/wp-json\/wp\/v2\/users\/1"}],"replies":[{"embeddable":true,"href":"https:\/\/www.worldclock.com\/Aktualny-Czas\/wp-json\/wp\/v2\/comments?post=6118"}],"version-history":[{"count":0,"href":"https:\/\/www.worldclock.com\/Aktualny-Czas\/wp-json\/wp\/v2\/pages\/6118\/revisions"}],"up":[{"embeddable":true,"href":"https:\/\/www.worldclock.com\/Aktualny-Czas\/wp-json\/wp\/v2\/pages\/6055"}],"wp:featuredmedia":[{"embeddable":true,"href":"https:\/\/www.worldclock.com\/Aktualny-Czas\/wp-json\/wp\/v2\/media\/3768"}],"wp:attachment":[{"href":"https:\/\/www.worldclock.com\/Aktualny-Czas\/wp-json\/wp\/v2\/media?parent=6118"}],"wp:term":[{"taxonomy":"category","embeddable":true,"href":"https:\/\/www.worldclock.com\/Aktualny-Czas\/wp-json\/wp\/v2\/categories?post=6118"},{"taxonomy":"post_tag","embeddable":true,"href":"https:\/\/www.worldclock.com\/Aktualny-Czas\/wp-json\/wp\/v2\/tags?post=6118"}],"curies":[{"name":"wp","href":"https:\/\/api.w.org\/{rel}","templated":true}]}}