{"id":6127,"date":"2017-01-17T03:01:34","date_gmt":"2017-01-17T03:01:34","guid":{"rendered":"http:\/\/worldclock.com\/?page_id=6127"},"modified":"2017-01-17T03:02:48","modified_gmt":"2017-01-17T03:02:48","slug":"kenia","status":"publish","type":"page","link":"https:\/\/www.worldclock.com\/Aktualny-Czas\/afryka\/kenia\/","title":{"rendered":"Kenya"},"content":{"rendered":"<p>Kenia le\u017cy w  <a href=\"http:\/\/www.worldclock.com\/pl\/afryka\/\">Afryce<\/a> Wschodniej. Wybrze\u017ce kraju nad Oceanem Indyjskim graniczy na p\u00f3\u0142nocnym wschodzie z Somali\u0105, a na po\u0142udniu z Tanzani\u0105. Innymi s\u0105siaduj\u0105cymi krajami s\u0105 Etiopia i Po\u0142uniowy Sudan od p\u00f3\u0142nocy i Uganda od zachodu. Stolic\u0105 kraju jest Nairobia. W por\u00f3wnaniu do swoich s\u0105siad\u00f3w Kenia jest nasilniejszym pod wzgl\u0119dem ekonomicznym krajem w <a href=\"http:\/\/www.worldclock.com\/pl\/afryka\/\">Afryce<\/a> Wschodniej, b\u0119d\u0105c te\u017c krajem w kt\u00f3rym szybko ro\u015bnie klasa \u015brednia, co jest niespotykane u wi\u0119kszo\u015bci kraj\u00f3w afryka\u0144skich. Jednak\u017ce przede wszystkim to kraj, kt\u00f3ry nadal jest rozwijaj\u0105cym si\u0119 pa\u0144stwem st\u0105d pewne aspekty spo\u0142eczno\u015bci kraju i infrastruktury, kt\u00f3re mog\u0105 szokowa\u0107 go\u015bci z zachodu i kraj\u00f3w dobrze rozwini\u0119tych. Wielu Kenijczyk\u00f3w do\u015bwiadcza bardzo s\u0142abej jako\u015bci \u017cycia, a nier\u00f3wno\u015b\u0107 spo\u0142eczno-ekonomiczna jest bardzo dotkliwa: wielu Kenijczyk\u00f3w nale\u017c\u0105cych do wy\u017cszych\/\u015brednich klas prowadzi w miar\u0119 zamo\u017cny tryb \u017cycia, podczas, gdy spora cz\u0119\u015b\u0107 spo\u0142ecze\u0144stwa \u017cyje poni\u017cej minimum socjalnego.<br \/>\nTury\u015bci zagraniczni nie s\u0105 rzadko\u015bci\u0105 we wielu cz\u0119\u015bciach kraju. Jednak\u017ce nadal istniej\u0105 szerokie tereny gdzie biali lub azjaci s\u0105 witani przez miejscowe dzieci z entuzjazmem.<br \/>\nWalut\u0105 kraju jest kenijski szyling (KES), kt\u00f3ry dzieli si\u0119 na 100 cent\u00f3w.<\/p>\n","protected":false},"excerpt":{"rendered":"<p>Kenia le\u017cy w Afryce Wschodniej. Wybrze\u017ce kraju nad Oceanem Indyjskim graniczy na p\u00f3\u0142nocnym wschodzie z Somali\u0105, a na po\u0142udniu z Tanzani\u0105. Innymi s\u0105siaduj\u0105cymi krajami s\u0105 Etiopia i Po\u0142uniowy Sudan od p\u00f3\u0142nocy i Uganda od zachodu. Stolic\u0105 kraju jest Nairobia. W por\u00f3wnaniu do swoich s\u0105siad\u00f3w Kenia jest nasilniejszym pod wzgl\u0119dem ekonomicznym krajem w Afryce Wschodniej, b\u0119d\u0105c &hellip; <a href=\"https:\/\/www.worldclock.com\/Aktualny-Czas\/afryka\/kenia\/\" class=\"more-link\"><\/a><\/p>\n","protected":false},"author":1,"featured_media":3775,"parent":6055,"menu_order":0,"comment_status":"closed","ping_status":"closed","template":"custom-page-templates-countrypage.php","meta":{"_acf_changed":false,"footnotes":""},"categories":[],"tags":[],"class_list":["post-6127","page","type-page","status-publish","has-post-thumbnail","hentry"],"acf":[],"_links":{"self":[{"href":"https:\/\/www.worldclock.com\/Aktualny-Czas\/wp-json\/wp\/v2\/pages\/6127","targetHints":{"allow":["GET"]}}],"collection":[{"href":"https:\/\/www.worldclock.com\/Aktualny-Czas\/wp-json\/wp\/v2\/pages"}],"about":[{"href":"https:\/\/www.worldclock.com\/Aktualny-Czas\/wp-json\/wp\/v2\/types\/page"}],"author":[{"embeddable":true,"href":"https:\/\/www.worldclock.com\/Aktualny-Czas\/wp-json\/wp\/v2\/users\/1"}],"replies":[{"embeddable":true,"href":"https:\/\/www.worldclock.com\/Aktualny-Czas\/wp-json\/wp\/v2\/comments?post=6127"}],"version-history":[{"count":0,"href":"https:\/\/www.worldclock.com\/Aktualny-Czas\/wp-json\/wp\/v2\/pages\/6127\/revisions"}],"up":[{"embeddable":true,"href":"https:\/\/www.worldclock.com\/Aktualny-Czas\/wp-json\/wp\/v2\/pages\/6055"}],"wp:featuredmedia":[{"embeddable":true,"href":"https:\/\/www.worldclock.com\/Aktualny-Czas\/wp-json\/wp\/v2\/media\/3775"}],"wp:attachment":[{"href":"https:\/\/www.worldclock.com\/Aktualny-Czas\/wp-json\/wp\/v2\/media?parent=6127"}],"wp:term":[{"taxonomy":"category","embeddable":true,"href":"https:\/\/www.worldclock.com\/Aktualny-Czas\/wp-json\/wp\/v2\/categories?post=6127"},{"taxonomy":"post_tag","embeddable":true,"href":"https:\/\/www.worldclock.com\/Aktualny-Czas\/wp-json\/wp\/v2\/tags?post=6127"}],"curies":[{"name":"wp","href":"https:\/\/api.w.org\/{rel}","templated":true}]}}