{"id":6279,"date":"2017-01-19T02:15:34","date_gmt":"2017-01-19T02:15:34","guid":{"rendered":"http:\/\/worldclock.com\/?page_id=6279"},"modified":"2017-01-19T02:15:59","modified_gmt":"2017-01-19T02:15:59","slug":"tadzykistan","status":"publish","type":"page","link":"https:\/\/www.worldclock.com\/Aktualny-Czas\/azja\/tadzykistan\/","title":{"rendered":"Tad\u017cykistan"},"content":{"rendered":"<p>Republika Tad\u017cykistanu to kraj \u015br\u00f3dl\u0105dowy znajduj\u0105cy si\u0119 w <a href=\"http:\/\/www.worldclock.com\/pl\/azja\/\">Azji<\/a> \u015arodkowej. Graniczy z Afganistanem, Chinami, Kirgistanem i Uzbekistanem. Tad\u017cykistan by\u0142 cz\u0119\u015bci\u0105 Zwi\u0105zku Radzieckiego od 1917 do 1991. Tad\u017cykistan sk\u0142ada si\u0119 g\u0142\u00f3wnie z obszar\u00f3w g\u00f3rskich (93% teren\u00f3w to g\u00f3ry), a niekt\u00f3re ich szczyty nale\u017c\u0105 do najwy\u017cszych punkt\u00f3w w ca\u0142ym regionie (Pik Kommunizma 7 495 m.). Mieszka\u0144cy twierdz\u0105, \u017ce Tazik (Tad\u017cykowie) to ira\u0144skie plemi\u0119, a jej religi\u0105 jest Islam (Sunnicy) i stanowi\u0105 60% populacji, 8% ludno\u015bci to Rosjanie, a innymi mniejszo\u015bciami s\u0105 Ukrai\u0144cy, Niemcy, Kirgijczycy, Turkmeni i nie tylko. Populacja kraju wynosi 8 547\u00a0000, zgodnie z oficjalnymi statystykami z roku 2016.<br \/>\nPanuje tu klimat kontynentalny z opadami deszczu i temperaturami si\u0119gaj\u0105cymi od 45 \u00b0 C do -63 \u00b0 C. Dwiema najwi\u0119kszymi rzekami p\u0142yn\u0105cymi przez Tad\u017cykistan s\u0105 Syr-daria i Amu-daria.<br \/>\nTad\u017cykistan zosta\u0142 zamieszkany po raz pierwszy w roku 4000 p.n.e. Sta\u0142 si\u0119 cz\u0119\u015bci\u0105 Imperium Perskiego, a mi\u0119dzy IV a II wiekiem p.n.e. by\u0142 cz\u0119\u015bci\u0105 Baktrii, po czym wpad\u0142 w r\u0119ce Mongo\u0142\u00f3w, a p\u00f3\u017aniej nale\u017ca\u0142 do Emiratu Buchary.<br \/>\nD\u0142ugo\u015b\u0107 \u017cycia w tym kraju wynosi 67.39 lat, zgodnie ze statystykami z roku 2015 (64.28 lata dla m\u0119\u017cczyzn i 70.66 dla kobiet).<br \/>\nObowi\u0105zuj\u0105c\u0105 walut\u0105 w Tad\u017cykistanie jest somoni (TJS).<\/p>\n","protected":false},"excerpt":{"rendered":"<p>Republika Tad\u017cykistanu to kraj \u015br\u00f3dl\u0105dowy znajduj\u0105cy si\u0119 w Azji \u015arodkowej. Graniczy z Afganistanem, Chinami, Kirgistanem i Uzbekistanem. Tad\u017cykistan by\u0142 cz\u0119\u015bci\u0105 Zwi\u0105zku Radzieckiego od 1917 do 1991. Tad\u017cykistan sk\u0142ada si\u0119 g\u0142\u00f3wnie z obszar\u00f3w g\u00f3rskich (93% teren\u00f3w to g\u00f3ry), a niekt\u00f3re ich szczyty nale\u017c\u0105 do najwy\u017cszych punkt\u00f3w w ca\u0142ym regionie (Pik Kommunizma 7 495 m.). Mieszka\u0144cy twierdz\u0105, &hellip; <a href=\"https:\/\/www.worldclock.com\/Aktualny-Czas\/azja\/tadzykistan\/\" class=\"more-link\"><\/a><\/p>\n","protected":false},"author":1,"featured_media":4010,"parent":6201,"menu_order":0,"comment_status":"closed","ping_status":"closed","template":"custom-page-templates-countrypage.php","meta":{"_acf_changed":false,"footnotes":""},"categories":[],"tags":[],"class_list":["post-6279","page","type-page","status-publish","has-post-thumbnail","hentry"],"acf":[],"_links":{"self":[{"href":"https:\/\/www.worldclock.com\/Aktualny-Czas\/wp-json\/wp\/v2\/pages\/6279","targetHints":{"allow":["GET"]}}],"collection":[{"href":"https:\/\/www.worldclock.com\/Aktualny-Czas\/wp-json\/wp\/v2\/pages"}],"about":[{"href":"https:\/\/www.worldclock.com\/Aktualny-Czas\/wp-json\/wp\/v2\/types\/page"}],"author":[{"embeddable":true,"href":"https:\/\/www.worldclock.com\/Aktualny-Czas\/wp-json\/wp\/v2\/users\/1"}],"replies":[{"embeddable":true,"href":"https:\/\/www.worldclock.com\/Aktualny-Czas\/wp-json\/wp\/v2\/comments?post=6279"}],"version-history":[{"count":0,"href":"https:\/\/www.worldclock.com\/Aktualny-Czas\/wp-json\/wp\/v2\/pages\/6279\/revisions"}],"up":[{"embeddable":true,"href":"https:\/\/www.worldclock.com\/Aktualny-Czas\/wp-json\/wp\/v2\/pages\/6201"}],"wp:featuredmedia":[{"embeddable":true,"href":"https:\/\/www.worldclock.com\/Aktualny-Czas\/wp-json\/wp\/v2\/media\/4010"}],"wp:attachment":[{"href":"https:\/\/www.worldclock.com\/Aktualny-Czas\/wp-json\/wp\/v2\/media?parent=6279"}],"wp:term":[{"taxonomy":"category","embeddable":true,"href":"https:\/\/www.worldclock.com\/Aktualny-Czas\/wp-json\/wp\/v2\/categories?post=6279"},{"taxonomy":"post_tag","embeddable":true,"href":"https:\/\/www.worldclock.com\/Aktualny-Czas\/wp-json\/wp\/v2\/tags?post=6279"}],"curies":[{"name":"wp","href":"https:\/\/api.w.org\/{rel}","templated":true}]}}