{"id":6327,"date":"2017-01-19T02:44:53","date_gmt":"2017-01-19T02:44:53","guid":{"rendered":"http:\/\/worldclock.com\/?page_id=6327"},"modified":"2017-01-19T02:45:13","modified_gmt":"2017-01-19T02:45:13","slug":"wyspy-salomona","status":"publish","type":"page","link":"https:\/\/www.worldclock.com\/Aktualny-Czas\/australia\/wyspy-salomona\/","title":{"rendered":"Wyspy Salomona"},"content":{"rendered":"<p>Wyspy Salomona to archipelag na Po\u0142udniowym Pacyfiku, na wsch\u00f3d od Nowej Gwinei. Po\u0142o\u017cone s\u0105 w strategicznym miejscu na samym \u015brodku szlak\u00f3w morskich mi\u0119dzy Po\u0142udniowym Pacyfikiem, Morzem Salomona a Morzem Koralowym. Sk\u0142ada si\u0119 z sze\u015bciu g\u0142\u00f3wnych wysp i ponad 900 mniejszych wysp. Stolic\u0105 jest Honiara. Nazwa zosta\u0142a nadana wyspom przez hiszpa\u0144skiego odkrywc\u0119 \u00c1lvaro de Menda\u00f1a, pierwszego Europejczyka, kt\u00f3ry przyp\u0142yn\u0105\u0142 do tego regionu. Najwyra\u017aniej nazwa\u0142 archipelag po biblijnym kr\u00f3lu po tym, jak b\u0142\u0119dnie za\u0142o\u017cy\u0142, \u017ce na wyspach ukryte zosta\u0142y niezliczone skarby. Wyspy Salomona by\u0142y pod brytyjsk\u0105 kontrol\u0105 do roku 1978, gdy kraj uzyska\u0142 sw\u0105 niepodleg\u0142o\u015b\u0107.<br \/>\nArchipelag ten jest bardzo wa\u017cny z perspektywy ekologicznej, gdy\u017c obejmuje bardzo bogat\u0105 i zr\u00f3\u017cnicowan\u0105 flor\u0119 i faun\u0119. Na wyspach znajduje si\u0119 te\u017c kilka wulkan\u00f3w ze zr\u00f3\u017cnicowanym stopniem aktywno\u015bci.<br \/>\nW kraju obowi\u0105zuje dolar wysp salomona.<\/p>\n","protected":false},"excerpt":{"rendered":"<p>Wyspy Salomona to archipelag na Po\u0142udniowym Pacyfiku, na wsch\u00f3d od Nowej Gwinei. Po\u0142o\u017cone s\u0105 w strategicznym miejscu na samym \u015brodku szlak\u00f3w morskich mi\u0119dzy Po\u0142udniowym Pacyfikiem, Morzem Salomona a Morzem Koralowym. Sk\u0142ada si\u0119 z sze\u015bciu g\u0142\u00f3wnych wysp i ponad 900 mniejszych wysp. Stolic\u0105 jest Honiara. Nazwa zosta\u0142a nadana wyspom przez hiszpa\u0144skiego odkrywc\u0119 \u00c1lvaro de Menda\u00f1a, pierwszego &hellip; <a href=\"https:\/\/www.worldclock.com\/Aktualny-Czas\/australia\/wyspy-salomona\/\" class=\"more-link\"><\/a><\/p>\n","protected":false},"author":1,"featured_media":4091,"parent":6300,"menu_order":0,"comment_status":"closed","ping_status":"closed","template":"custom-page-templates-countrypage.php","meta":{"_acf_changed":false,"footnotes":""},"categories":[],"tags":[],"class_list":["post-6327","page","type-page","status-publish","has-post-thumbnail","hentry"],"acf":[],"_links":{"self":[{"href":"https:\/\/www.worldclock.com\/Aktualny-Czas\/wp-json\/wp\/v2\/pages\/6327","targetHints":{"allow":["GET"]}}],"collection":[{"href":"https:\/\/www.worldclock.com\/Aktualny-Czas\/wp-json\/wp\/v2\/pages"}],"about":[{"href":"https:\/\/www.worldclock.com\/Aktualny-Czas\/wp-json\/wp\/v2\/types\/page"}],"author":[{"embeddable":true,"href":"https:\/\/www.worldclock.com\/Aktualny-Czas\/wp-json\/wp\/v2\/users\/1"}],"replies":[{"embeddable":true,"href":"https:\/\/www.worldclock.com\/Aktualny-Czas\/wp-json\/wp\/v2\/comments?post=6327"}],"version-history":[{"count":0,"href":"https:\/\/www.worldclock.com\/Aktualny-Czas\/wp-json\/wp\/v2\/pages\/6327\/revisions"}],"up":[{"embeddable":true,"href":"https:\/\/www.worldclock.com\/Aktualny-Czas\/wp-json\/wp\/v2\/pages\/6300"}],"wp:featuredmedia":[{"embeddable":true,"href":"https:\/\/www.worldclock.com\/Aktualny-Czas\/wp-json\/wp\/v2\/media\/4091"}],"wp:attachment":[{"href":"https:\/\/www.worldclock.com\/Aktualny-Czas\/wp-json\/wp\/v2\/media?parent=6327"}],"wp:term":[{"taxonomy":"category","embeddable":true,"href":"https:\/\/www.worldclock.com\/Aktualny-Czas\/wp-json\/wp\/v2\/categories?post=6327"},{"taxonomy":"post_tag","embeddable":true,"href":"https:\/\/www.worldclock.com\/Aktualny-Czas\/wp-json\/wp\/v2\/tags?post=6327"}],"curies":[{"name":"wp","href":"https:\/\/api.w.org\/{rel}","templated":true}]}}