{"id":6333,"date":"2017-01-19T02:47:26","date_gmt":"2017-01-19T02:47:26","guid":{"rendered":"http:\/\/worldclock.com\/?page_id=6333"},"modified":"2017-01-19T02:47:50","modified_gmt":"2017-01-19T02:47:50","slug":"vanuatu","status":"publish","type":"page","link":"https:\/\/www.worldclock.com\/Aktualny-Czas\/australia\/vanuatu\/","title":{"rendered":"Vanuatu"},"content":{"rendered":"<p>Republika Vanuatu (franc.: R\u00e9publique de Vanuatu, ang.: Republic of Vanuatu, Bislama: Ripablik blong Vanuatu, starsza nazwa: Nowe Hebrydy) to archipelag znajduj\u0105cy si\u0119 na Po\u0142udniowym Pacyfiku, 1 000 km na zach\u00f3d od Fid\u017ci. Dwiema najwi\u0119kszymi wyspami archipelagu, spo\u015br\u00f3d 82 wysp, s\u0105 Espiritu Shantou i Malakoula. Dwie wyspy, Matthew i Hunter, zosta\u0142y przy\u0142\u0105czone do Nowej Kaledonii. Stolic\u0105 kraju jest Port Vila, kt\u00f3re znajduje si\u0119 w Efate. Od roku 1906, Nowe Hebrydy by\u0142y pod wsp\u00f3ln\u0105 administracj\u0105 anglo-fancusk\u0105 a\u017c do roku 1980, kiedy to Vanuatu uzyska\u0142o niepodleg\u0142o\u015b\u0107. Populacja kraju wynosi 286\u00a0500 mieszka\u0144c\u00f3w, zgodnie z danymi z roku 2016, z kt\u00f3rych 94% to Melanezyjczycy. Wyspy Vanuatu zajmuj\u0105 wysok\u0105 pozycje na li\u015bcie kraj\u00f3w o najwi\u0119kszej r\u00f3\u017cnorodno\u015bci lingwistycznej.<br \/>\n65 z 82 wysp archipelagu s\u0105 zamieszka\u0142e. Najwy\u017cszym punktem w kraju jest G\u00f3ra Tampouemasana, o wysoko\u015bci 1 879 m. Panuje tu klimat subtropikalny, z dziewi\u0119cioma gor\u0105cymi miesi\u0105cami, ma\u0142ymi opadami deszczu i sporadycznymi cyklonami, oraz 3-4 suchymi miesi\u0105cami i ch\u0142odn\u0105 temperatur\u0105, z charakterystycznymi wiatrami z po\u0142udniowego-wschodu. Sezon deszczowy jest wa\u017cny, a opady wyst\u0119puj\u0105 ka\u017cdego miesi\u0105ca. Najbardziej mokry i gor\u0105cy okres wyst\u0119puje mi\u0119dzy grudniem a kwietniem i w tym czasie powstaj\u0105 r\u00f3wnie\u017c cyklony. Od czerwca do listopada panuje susza.<br \/>\nObowi\u0105zuj\u0105c\u0105 walut\u0105 jest vatu.<\/p>\n","protected":false},"excerpt":{"rendered":"<p>Republika Vanuatu (franc.: R\u00e9publique de Vanuatu, ang.: Republic of Vanuatu, Bislama: Ripablik blong Vanuatu, starsza nazwa: Nowe Hebrydy) to archipelag znajduj\u0105cy si\u0119 na Po\u0142udniowym Pacyfiku, 1 000 km na zach\u00f3d od Fid\u017ci. Dwiema najwi\u0119kszymi wyspami archipelagu, spo\u015br\u00f3d 82 wysp, s\u0105 Espiritu Shantou i Malakoula. Dwie wyspy, Matthew i Hunter, zosta\u0142y przy\u0142\u0105czone do Nowej Kaledonii. Stolic\u0105 &hellip; <a href=\"https:\/\/www.worldclock.com\/Aktualny-Czas\/australia\/vanuatu\/\" class=\"more-link\"><\/a><\/p>\n","protected":false},"author":1,"featured_media":4105,"parent":6300,"menu_order":0,"comment_status":"closed","ping_status":"closed","template":"custom-page-templates-countrypage.php","meta":{"_acf_changed":false,"footnotes":""},"categories":[],"tags":[],"class_list":["post-6333","page","type-page","status-publish","has-post-thumbnail","hentry"],"acf":[],"_links":{"self":[{"href":"https:\/\/www.worldclock.com\/Aktualny-Czas\/wp-json\/wp\/v2\/pages\/6333","targetHints":{"allow":["GET"]}}],"collection":[{"href":"https:\/\/www.worldclock.com\/Aktualny-Czas\/wp-json\/wp\/v2\/pages"}],"about":[{"href":"https:\/\/www.worldclock.com\/Aktualny-Czas\/wp-json\/wp\/v2\/types\/page"}],"author":[{"embeddable":true,"href":"https:\/\/www.worldclock.com\/Aktualny-Czas\/wp-json\/wp\/v2\/users\/1"}],"replies":[{"embeddable":true,"href":"https:\/\/www.worldclock.com\/Aktualny-Czas\/wp-json\/wp\/v2\/comments?post=6333"}],"version-history":[{"count":0,"href":"https:\/\/www.worldclock.com\/Aktualny-Czas\/wp-json\/wp\/v2\/pages\/6333\/revisions"}],"up":[{"embeddable":true,"href":"https:\/\/www.worldclock.com\/Aktualny-Czas\/wp-json\/wp\/v2\/pages\/6300"}],"wp:featuredmedia":[{"embeddable":true,"href":"https:\/\/www.worldclock.com\/Aktualny-Czas\/wp-json\/wp\/v2\/media\/4105"}],"wp:attachment":[{"href":"https:\/\/www.worldclock.com\/Aktualny-Czas\/wp-json\/wp\/v2\/media?parent=6333"}],"wp:term":[{"taxonomy":"category","embeddable":true,"href":"https:\/\/www.worldclock.com\/Aktualny-Czas\/wp-json\/wp\/v2\/categories?post=6333"},{"taxonomy":"post_tag","embeddable":true,"href":"https:\/\/www.worldclock.com\/Aktualny-Czas\/wp-json\/wp\/v2\/tags?post=6333"}],"curies":[{"name":"wp","href":"https:\/\/api.w.org\/{rel}","templated":true}]}}