{"id":6351,"date":"2017-01-19T02:59:38","date_gmt":"2017-01-19T02:59:38","guid":{"rendered":"http:\/\/worldclock.com\/?page_id=6351"},"modified":"2017-01-19T03:00:18","modified_gmt":"2017-01-19T03:00:18","slug":"belgia","status":"publish","type":"page","link":"https:\/\/www.worldclock.com\/Aktualny-Czas\/europa\/belgia\/","title":{"rendered":"Belgia"},"content":{"rendered":"<p>Belgia wyst\u0119puje r\u00f3wnie\u017c pod nazw\u0105 Kr\u00f3lestwo Belgijskie, i znajduje si\u0119 w zachodniej  <a href=\"http:\/\/www.worldclock.com\/pl\/europa\/\"><a href=\"http:\/\/www.worldclock.com\/pl\/europa\/\">Europie<\/a><\/a>. To pa\u0144stwo federalne jest cz\u0142onkiem za\u0142o\u017cycielskim Unii Europejskiej kt\u00f3rej jest siedzib\u0105, nale\u017cy te\u017c do NATO i innych znanych organizacji. Stolic\u0105 Belgii jest Brusksela, oficjalnymi j\u0119zykami s\u0105 holenderski (60 procent), francuski (39 procent) i niemiecki (1 procent), a ludno\u015b\u0107 kraju liczy ponad 11 milion\u00f3w mieszka\u0144c\u00f3w. Walut\u0105 u\u017cywan\u0105 w Belgii jest Euro (EUR). Przez lata Belgowie dokonali prze\u0142omowych odkry\u0107 naukowych; to belgijski naukowiec  Georges Lema\u00eetre w 1927 roku wyszed\u0142 z teori\u0105 wielkiego wybuchu,  jako pocz\u0105tku zaistnienia \u015bwiata. Belgowie otrzymali te\u017c szereg Nagr\u00f3d Nobla w takich dziedzinach jak Fizjologia, Medycyna i Chemia. Kraj rozs\u0142awi\u0142y piwo, gofry, czekoladki i frytki \u2013 tych ostatnich jest tw\u00f3rc\u0105! Narodowymi belgijskimi potrawami s\u0105 \u201cstek, frytki i sa\u0142atka\u201d oraz \u201cma\u0142\u017ce z frytkami\u201d. Je\u015bli chodzi o sport to belgijski motocyklista  Eddy Merckx jest uznany za najwi\u0119kszego wszech czas\u00f3w. R\u00f3wnie\u017c Jean-Marie Pfaff uznawany jest za najlepszego bramkarza w historii pi\u0142ki no\u017cnej. <\/p>\n","protected":false},"excerpt":{"rendered":"<p>Belgia wyst\u0119puje r\u00f3wnie\u017c pod nazw\u0105 Kr\u00f3lestwo Belgijskie, i znajduje si\u0119 w zachodniej Europie. To pa\u0144stwo federalne jest cz\u0142onkiem za\u0142o\u017cycielskim Unii Europejskiej kt\u00f3rej jest siedzib\u0105, nale\u017cy te\u017c do NATO i innych znanych organizacji. Stolic\u0105 Belgii jest Brusksela, oficjalnymi j\u0119zykami s\u0105 holenderski (60 procent), francuski (39 procent) i niemiecki (1 procent), a ludno\u015b\u0107 kraju liczy ponad 11 &hellip; <a href=\"https:\/\/www.worldclock.com\/Aktualny-Czas\/europa\/belgia\/\" class=\"more-link\"><\/a><\/p>\n","protected":false},"author":1,"featured_media":4129,"parent":6335,"menu_order":0,"comment_status":"closed","ping_status":"closed","template":"custom-page-templates-countrypage.php","meta":{"_acf_changed":false,"footnotes":""},"categories":[],"tags":[],"class_list":["post-6351","page","type-page","status-publish","has-post-thumbnail","hentry"],"acf":[],"_links":{"self":[{"href":"https:\/\/www.worldclock.com\/Aktualny-Czas\/wp-json\/wp\/v2\/pages\/6351","targetHints":{"allow":["GET"]}}],"collection":[{"href":"https:\/\/www.worldclock.com\/Aktualny-Czas\/wp-json\/wp\/v2\/pages"}],"about":[{"href":"https:\/\/www.worldclock.com\/Aktualny-Czas\/wp-json\/wp\/v2\/types\/page"}],"author":[{"embeddable":true,"href":"https:\/\/www.worldclock.com\/Aktualny-Czas\/wp-json\/wp\/v2\/users\/1"}],"replies":[{"embeddable":true,"href":"https:\/\/www.worldclock.com\/Aktualny-Czas\/wp-json\/wp\/v2\/comments?post=6351"}],"version-history":[{"count":0,"href":"https:\/\/www.worldclock.com\/Aktualny-Czas\/wp-json\/wp\/v2\/pages\/6351\/revisions"}],"up":[{"embeddable":true,"href":"https:\/\/www.worldclock.com\/Aktualny-Czas\/wp-json\/wp\/v2\/pages\/6335"}],"wp:featuredmedia":[{"embeddable":true,"href":"https:\/\/www.worldclock.com\/Aktualny-Czas\/wp-json\/wp\/v2\/media\/4129"}],"wp:attachment":[{"href":"https:\/\/www.worldclock.com\/Aktualny-Czas\/wp-json\/wp\/v2\/media?parent=6351"}],"wp:term":[{"taxonomy":"category","embeddable":true,"href":"https:\/\/www.worldclock.com\/Aktualny-Czas\/wp-json\/wp\/v2\/categories?post=6351"},{"taxonomy":"post_tag","embeddable":true,"href":"https:\/\/www.worldclock.com\/Aktualny-Czas\/wp-json\/wp\/v2\/tags?post=6351"}],"curies":[{"name":"wp","href":"https:\/\/api.w.org\/{rel}","templated":true}]}}

<p>Belgia występuje również pod nazwą Królestwo Belgijskie, i znajduje się w zachodniej  <a href="http://www.worldclock.com/pl/europa/"><a href="http://www.worldclock.com/pl/europa/">Europie</a></a>. To państwo federalne jest członkiem założycielskim Unii Europejskiej której jest siedzibą, należy też do NATO i innych znanych organizacji. Stolicą Belgii jest Brusksela, oficjalnymi językami są holenderski (60 procent), francuski (39 procent) i niemiecki (1 procent), a ludność kraju liczy ponad 11 milionów mieszkańców. Walutą używaną w Belgii jest Euro (EUR). Przez lata Belgowie dokonali przełomowych odkryć naukowych; to belgijski naukowiec  Georges Lemaître w 1927 roku wyszedł z teorią wielkiego wybuchu,  jako początku zaistnienia świata. Belgowie otrzymali też szereg Nagród Nobla w takich dziedzinach jak Fizjologia, Medycyna i Chemia. Kraj rozsławiły piwo, gofry, czekoladki i frytki – tych ostatnich jest twórcą! Narodowymi belgijskimi potrawami są “stek, frytki i sałatka” oraz “małże z frytkami”. Jeśli chodzi o sport to belgijski motocyklista  Eddy Merckx jest uznany za największego wszech czasów. Również Jean-Marie Pfaff uznawany jest za najlepszego bramkarza w historii piłki nożnej. </p>

<p>Belgia występuje również pod nazwą Królestwo Belgijskie, i znajduje się w zachodniej Europie. To państwo federalne jest członkiem założycielskim Unii Europejskiej której jest siedzibą, należy też do NATO i innych znanych organizacji. Stolicą Belgii jest Brusksela, oficjalnymi językami są holenderski (60 procent), francuski (39 procent) i niemiecki (1 procent), a ludność kraju liczy ponad 11 &hellip; <a href="https://www.worldclock.com/Aktualny-Czas/europa/belgia/" class="more-link"></a></p>
