{"id":6522,"date":"2017-01-19T16:20:35","date_gmt":"2017-01-19T16:20:35","guid":{"rendered":"http:\/\/worldclock.com\/?page_id=6522"},"modified":"2017-01-19T16:21:05","modified_gmt":"2017-01-19T16:21:05","slug":"kostaryka","status":"publish","type":"page","link":"https:\/\/www.worldclock.com\/Aktualny-Czas\/ameryka-polnocna\/kostaryka\/","title":{"rendered":"Kostaryka"},"content":{"rendered":"<p>Kostaryka znana jest r\u00f3wnie\u017c pod nazw\u0105 Republika Kostaryki  po\u0142o\u017cona jest w Ameryce \u015arodkowej. Stolic\u0105 kraju jest San Jos\u00e9, jej oficjalnym jezykiem jest hisszpa\u0144ski, a populacja liczy 4.3 miliona ludno\u015bci. Kraj ten by\u0142 dawniej koloni\u0105 hiszpa\u0144sk\u0105, uzyska\u0142 w 1821niepodleg\u0142o\u015b\u0107. Obecnie walut\u0105 u\u017cywan\u0105 w Kotaryce jest kostaryka\u0144ski colon (CRC). Od roku 1948, czyli od wojny domowej Kostaryka cieszy si\u0119 d\u0142ugim okresem pokoju. Od 1 grudnia 1948 roku kraj nie posiada armii, wydaj\u0105c w zamian pieni\u0105dze na zdrowie i edukacj\u0119. Dzi\u0119ki swojej stabilizacji politycznej, kt\u00f3rej towarzyszy pi\u0119kno natury Kostaryka uzyska\u0142a ksywk\u0119 Szwajcarii Ameryki \u0141aci\u0144skiej. W Kostaryce znajduje si\u0119 wiele interesuj\u0105cych ro\u015blin i zwierz\u0105t, w\u0142\u0105cznie z p\u0142azami i jaszczurami. 25 procent terytorium kraju stanowi\u0105 parki narodowe, a Kostaryka posiada 5 procent og\u00f3lno\u015bwiatowej bior\u00f3\u017cnorodno\u015bci pomimo tego, \u017ce zajmuje tylko 0,25 terytorim kontynentu.<\/p>\n","protected":false},"excerpt":{"rendered":"<p>Kostaryka znana jest r\u00f3wnie\u017c pod nazw\u0105 Republika Kostaryki po\u0142o\u017cona jest w Ameryce \u015arodkowej. Stolic\u0105 kraju jest San Jos\u00e9, jej oficjalnym jezykiem jest hisszpa\u0144ski, a populacja liczy 4.3 miliona ludno\u015bci. Kraj ten by\u0142 dawniej koloni\u0105 hiszpa\u0144sk\u0105, uzyska\u0142 w 1821niepodleg\u0142o\u015b\u0107. Obecnie walut\u0105 u\u017cywan\u0105 w Kotaryce jest kostaryka\u0144ski colon (CRC). Od roku 1948, czyli od wojny domowej Kostaryka &hellip; <a href=\"https:\/\/www.worldclock.com\/Aktualny-Czas\/ameryka-polnocna\/kostaryka\/\" class=\"more-link\"><\/a><\/p>\n","protected":false},"author":1,"featured_media":4315,"parent":6508,"menu_order":0,"comment_status":"closed","ping_status":"closed","template":"custom-page-templates-countrypage.php","meta":{"_acf_changed":false,"footnotes":""},"categories":[],"tags":[],"class_list":["post-6522","page","type-page","status-publish","has-post-thumbnail","hentry"],"acf":[],"_links":{"self":[{"href":"https:\/\/www.worldclock.com\/Aktualny-Czas\/wp-json\/wp\/v2\/pages\/6522","targetHints":{"allow":["GET"]}}],"collection":[{"href":"https:\/\/www.worldclock.com\/Aktualny-Czas\/wp-json\/wp\/v2\/pages"}],"about":[{"href":"https:\/\/www.worldclock.com\/Aktualny-Czas\/wp-json\/wp\/v2\/types\/page"}],"author":[{"embeddable":true,"href":"https:\/\/www.worldclock.com\/Aktualny-Czas\/wp-json\/wp\/v2\/users\/1"}],"replies":[{"embeddable":true,"href":"https:\/\/www.worldclock.com\/Aktualny-Czas\/wp-json\/wp\/v2\/comments?post=6522"}],"version-history":[{"count":0,"href":"https:\/\/www.worldclock.com\/Aktualny-Czas\/wp-json\/wp\/v2\/pages\/6522\/revisions"}],"up":[{"embeddable":true,"href":"https:\/\/www.worldclock.com\/Aktualny-Czas\/wp-json\/wp\/v2\/pages\/6508"}],"wp:featuredmedia":[{"embeddable":true,"href":"https:\/\/www.worldclock.com\/Aktualny-Czas\/wp-json\/wp\/v2\/media\/4315"}],"wp:attachment":[{"href":"https:\/\/www.worldclock.com\/Aktualny-Czas\/wp-json\/wp\/v2\/media?parent=6522"}],"wp:term":[{"taxonomy":"category","embeddable":true,"href":"https:\/\/www.worldclock.com\/Aktualny-Czas\/wp-json\/wp\/v2\/categories?post=6522"},{"taxonomy":"post_tag","embeddable":true,"href":"https:\/\/www.worldclock.com\/Aktualny-Czas\/wp-json\/wp\/v2\/tags?post=6522"}],"curies":[{"name":"wp","href":"https:\/\/api.w.org\/{rel}","templated":true}]}}